 Let k be q/1 + 2 + 7. What is the greatest common factor of k and s?
7
Suppose 2*x - 6 = 3*l - 121, x = 4*l - 155. Calculate the greatest common divisor of l and 78.
39
Let j = 37 + -14. Suppose 2*p = -10, -s + 3*p + 86 = j. What is the highest common divisor of 16 and s?
16
Let z = -137 + 151. What is the greatest common factor of z and 42?
14
Let k(i) = 2*i - 13. Let r be k(6). Let y be 12/3 + r + 125. What is the greatest common factor of 8 and y?
8
Suppose -s + 3*j + 27 = -2*j, 0 = 3*s + 3*j - 81. Let k be (-6)/s + (-346)/(-18). What is the highest common divisor of 76 and k?
19
Let w = 26 + 4. Suppose -44 = -5*u - 0*p + 4*p, -16 = -4*p. Calculate the highest common divisor of w and u.
6
Let f = 1382 - 587. Calculate the greatest common divisor of f and 15.
15
Let b(l) = 22*l - 84. Let h be b(6). Calculate the highest common divisor of h and 36.
12
Let z(t) = -22*t + 258. Let n be z(8). Calculate the greatest common divisor of n and 41.
41
Let p be 9/18 - ((-155)/2)/1. What is the highest common divisor of p and 897?
39
Suppose -a - 2*w = 0, 4*a + 3*w - 6*w = 11. Suppose 0 = -3*h - a*h + 15. Suppose -h*n = -20 - 4. What is the greatest common divisor of 32 and n?
8
Let l = -34 + 49. Suppose -5 = -5*b, -5*b - l = 2*x - 7*x. What is the highest common factor of 10 and x?
2
Let a = -602 - -803. Calculate the highest common divisor of a and 134.
67
Let v be 377/26 + -14 - (-206)/4. What is the highest common divisor of 494 and v?
26
Let b(j) = 3*j**3 - 6*j + 90. Let q be b(0). Calculate the highest common factor of 36 and q.
18
Suppose -2*u - 2 = 0, 2*f - 5*u - 317 = -f. Calculate the highest common divisor of 26 and f.
26
Let c = -12 - -27. Suppose 4*m = 4*q - 692, 0 = -2*q - 89*m + 88*m + 322. Calculate the highest common factor of q and c.
15
Suppose g - 81 = -3*p + 19, 4*p = -4*g + 144. What is the highest common factor of 24 and p?
8
Suppose -n - 2 + 57 = 3*x, 4*x + 3*n = 80. Calculate the greatest common divisor of 646 and x.
17
Suppose -77 = 3*k - 2*i - 101, 2*i = 4*k - 34. What is the highest common factor of 365 and k?
5
Let d(l) = l**2 - 27*l - 152. Let y be d(36). Calculate the greatest common factor of 4 and y.
4
Let y be ((-1575)/(-84))/(2/4)*8. What is the highest common divisor of y and 50?
50
Suppose t - 4*y - 19 = -5, -4*t = -4*y - 68. Calculate the greatest common divisor of t and 8.
2
Suppose 26 - 8 = 6*o. Suppose -15 = -3*h + o. Let f be 14/h - 8/24. Calculate the highest common factor of f and 18.
2
Let t(w) = 20*w. Let k be t(2). Let r be (3*(-15)/9 + 4)*-5. Suppose -r = -5*v - 0, 175 = 3*y - 5*v. Calculate the greatest common factor of y and k.
20
Suppose 3*q + 1644 = 5949. What is the greatest common divisor of 35 and q?
35
Suppose 2*f + 5*h = 75, 2*f + 141 = 7*f - 3*h. Let c(r) = -36*r - 42. Let m be c(-7). What is the highest common divisor of m and f?
30
Suppose 5*w + z - 86 = -2*z, -2*w = -z - 41. Suppose 4*q - j = j - 50, 5*q + 4*j + 82 = 0. Let n = w + q. What is the highest common factor of n and 10?
5
Let k be ((-24)/(-3))/(-4) + 8. Suppose -3*r = 2*b - 134, -64 = -4*r + b + 100. Calculate the highest common factor of r and k.
6
Suppose -7*i + 437 = -1719. What is the greatest common factor of i and 14?
14
Let y(f) = 3*f**2 + 7*f - 4. Let d be y(2). What is the highest common divisor of 418 and d?
22
Suppose 4*q + 24*i - 963 = 19*i, -4*q + 970 = -2*i. Calculate the highest common divisor of q and 198.
22
Let j(y) = 8*y**2 - 2*y + 2. Suppose -l + h + 14 = l, 8 = 2*h. Suppose 15 = 3*a + l. Let s be j(a). Calculate the highest common factor of s and 15.
15
Suppose -6*c + 81 = -255. Let z = c - 16. Calculate the highest common divisor of 160 and z.
40
Let a = 9 + 9. What is the greatest common divisor of 78 and a?
6
Let l be -1*(-3)/((-36)/(-12012)). Calculate the greatest common factor of l and 39.
13
Let m = -3 - -6. Suppose -5*k + 4 = -j, -2*j + 5 = -0*k + m*k. Let a be (1*(1 + 0))/1. Calculate the highest common divisor of a and k.
1
Suppose 6*n - 5*n = 7. Suppose 0 = 58*s - 24*s - 1190. What is the greatest common divisor of n and s?
7
Suppose -45*k = -50*k + 340. Suppose -5*f + 3*a + 94 = 0, -65 = -4*f - 4*a + 3*a. Calculate the greatest common divisor of k and f.
17
Let j = 4 + 3. Let v be (-8)/2 - -1 - 126/(-2). Let a = v + -53. Calculate the highest common divisor of j and a.
7
Suppose -4*l + 6 = -22. Suppose l*z = 3*z + 684. Let y = 33 + -14. Calculate the greatest common factor of y and z.
19
Let h = 356 + -106. Calculate the highest common factor of h and 100.
50
Let r(a) = -a**3 - 15*a**2 - a - 11. Let i be r(-15). Suppose -43 = -3*h - i*z, 4*h = 3*h - 3*z + 6. Calculate the highest common factor of 14 and h.
7
Let s be 35/(-5) + 7 - (-124 + 4). Calculate the greatest common factor of 36 and s.
12
Let j be 3 - -5*(-4)/20. Let b be (0/j)/1 - -155. Calculate the greatest common divisor of b and 31.
31
Suppose 4*b = 15*b - 154. What is the highest common factor of 182 and b?
14
Suppose 0 = 3*w + d - 30, -4*w = -2*w + 4*d - 30. Let z(s) = 5*s + 3*s - 9 + 0 + 3*s. Let u be z(w). Calculate the highest common divisor of 18 and u.
18
Suppose 3*h - q - 304 = 0, -2*q = 77*h - 80*h + 311. Suppose -33 = -2*x - 5*v - 5, -3*x + 4*v + 19 = 0. Calculate the highest common factor of x and h.
9
Suppose -2*t + 32 = -2*b, 1154*b + 128 = 7*t + 1151*b. Let g be 239/4 - (-2)/8. Calculate the greatest common divisor of t and g.
20
Let c(d) = 3*d**2 - 93*d - 44. Let j be c(32). Calculate the highest common divisor of 12 and j.
4
Let c(l) = -4*l - 1. Let q be c(0). Let h be ((-10)/25 + 8/(-5))*q. What is the greatest common divisor of h and 3?
1
Suppose -434 = 10*q - 3534. Calculate the highest common divisor of q and 40.
10
Let h = -77 - -79. What is the highest common factor of h and 128?
2
Suppose 0 = -3*u - 6, 11 + 2 = m + 4*u. Calculate the greatest common factor of 2 and m.
1
Suppose 5*r - n = -13, 4*r + n + 4 = -1. Let c be (-12)/(r + 0/3). Suppose -2*p = -5*o + 5, 3*p - 3*o - 9 = c. Calculate the greatest common factor of 50 and p.
10
Let p be 0 + (-12)/(-3) - 1. Suppose 3*n + 0*n - 123 = -3*q, 3*q = p*n + 129. Calculate the highest common factor of q and 28.
14
Suppose 12 + 20 = 4*k. Suppose 2*v + 4*c = 3*v - 8, 5*c - 15 = -5*v. Suppose 9 = v*q - 7. What is the highest common divisor of q and k?
4
Let f be 9/(-2)*80/12. Let d be (-1490)/f + (-1)/(-3). Let p(a) = -4*a - 8. Let z be p(-7). Calculate the highest common divisor of z and d.
10
Let k be 12/15*(-15)/(-6). Suppose -k*o + 40 = -18. Suppose -2*n = 2*n - 232. Calculate the highest common divisor of o and n.
29
Let b be 4/(-14) - (-1912)/28. Suppose -192 = 13*y + 224. Let j = 49 + y. Calculate the highest common factor of j and b.
17
Let o be 10 + (1 + 1)/(-2). Suppose 4*c = -772 + 880. What is the greatest common divisor of o and c?
9
Let p be 5/((1*-1)/(-9)). Suppose 4*k = -2*l - 14, -3*l - 2 = k - 6. Suppose 25 = 8*y - l*y. What is the greatest common factor of p and y?
5
Let t(z) = z**3 + z**2 - 3*z + 2. Let s be 4/10 + 12/(-5). Let p be t(s). What is the highest common factor of 20 and p?
4
Suppose 6 = 2*w, -3*r - 5*w - 123 = -10*w. Let u = r + 49. Suppose -5*d - 58 = -2*o, -4*d - 179 = o - 6*o. What is the greatest common divisor of o and u?
13
Let k = 17 - -3. Let a = 171 + -111. Calculate the greatest common factor of k and a.
20
Let o be (0/(-2) + 0)/1. Suppose -4*h + 120 + 63 = 5*r, o = -4*r + h + 138. Suppose 9*j = 14*j - r. What is the greatest common factor of 49 and j?
7
Suppose 181 = 5*v - 19. Let y be (-1 + 0)/(2/(-30)). Let p be (-5)/(y/(-24)) - -2. What is the greatest common factor of v and p?
10
Let t(a) = a**2 + 6*a + 11. Let p be t(-9). Suppose 2 - p = -3*c. Let h(v) = -10*v - 74. Let q be h(-8). What is the greatest common factor of c and q?
6
Let v be 69/((-21)/(-7)) - 5. Calculate the greatest common factor of v and 45.
9
Suppose 3*v - 21 = 2*v + 2*a, v = 4*a + 21. Suppose 2*f + 3*f = 5*i - 55, 5*f + 63 = -3*i. Let x = f + v. Calculate the highest common factor of 45 and x.
9
Let v = 40 + -23. Suppose -v*k = -5*k - 384. Calculate the greatest common divisor of 48 and k.
16
Suppose 0*u + 4*u - 1056 = 0. Let h = -296 - -320. What is the highest common factor of u and h?
24
Let r = 261 + -209. Let c = -17 - -30. What is the greatest comm